In base 13, what is -1261165 + -a?
-1261172
In base 13, what is -299 + -71a2?
-746b
In base 14, what is 0 - 6a19d7?
-6a19d7
In base 12, what is 811a - 5b6?
7724
In base 10, what is -5 + 811056?
811051
In base 13, what is 481 + -19297?
-18b16
In base 3, what is -11210120020 - -100100?
-11210012220
In base 7, what is -12306 - -514123?
501514
In base 4, what is -11100111312312 - -12?
-11100111312300
In base 7, what is 461146 + 336?
461515
In base 11, what is 35150366 - -4?
3515036a
In base 16, what is -3 + 7bfd7d5?
7bfd7d2
In base 13, what is -4037 - -124c?
-2ab8
In base 13, what is 4 + -57a79c1?
-57a79ba
In base 7, what is 44550 - 36613?
4634
In base 9, what is -48362 - -354?
-48007
In base 6, what is 402222 - -42501?
445123
In base 8, what is -6565345 - -1?
-6565344
In base 8, what is 5275 + -37606?
-32311
In base 5, what is -13230 + -10004?
-23234
In base 6, what is 3203425043 + -5?
3203425034
In base 2, what is -1100001100101110010 - 1000101110?
-1100001101110100000
In base 2, what is 111100011100100010011110 + 100?
111100011100100010100010
In base 15, what is 6 + 2640c0d?
2640c14
In base 11, what is -12a7 - 1711?
-2a08
In base 10, what is 17 - -264787?
264804
In base 3, what is -10012021212222021 - 1?
-10012021212222022
In base 6, what is 1 + 1002520431?
1002520432
In base 15, what is 1 - 97cee06?
-97cee05
In base 5, what is -3411444 - 1302?
-3413301
In base 14, what is -15a - -73d51?
73bd5
In base 14, what is b - -1a61db?
1a6208
In base 14, what is -13 - -5c584?
5c571
In base 13, what is 5 + -149a295?
-149a290
In base 8, what is -4127225 - 257?
-4127504
In base 14, what is bc - 64947?
-64869
In base 9, what is -123130648 - 1?
-123130650
In base 12, what is a3146 - 2536?
a0810
In base 15, what is -3c7837 + -2?
-3c7839
In base 16, what is 48e4d + 40?
48e8d
In base 7, what is -1104250244 - -5?
-1104250236
In base 11, what is 3 + -3a83859?
-3a83856
In base 7, what is -3 + -343210336?
-343210342
In base 15, what is 48bd9 + 1?
48bda
In base 5, what is 422220042 - -22?
422220114
In base 10, what is 58085764 - 5?
58085759
In base 13, what is -16870 - 4a?
-168ba
In base 13, what is -4 - 624021?
-624025
In base 14, what is -309 - -46c0?
43b5
In base 15, what is -48 + -3e113?
-3e15b
In base 8, what is 327545 + 120?
327665
In base 8, what is 3716150 - 22?
3716126
In base 5, what is 112243300031 + 3?
112243300034
In base 10, what is 214 - -6135?
6349
In base 16, what is 2 - -674f34?
674f36
In base 11, what is -a7525 + -a33?
-a8458
In base 8, what is 7731737 - 1?
7731736
In base 14, what is 115 + -1c74?
-1b5d
In base 3, what is -100212 - 2121010210?
-2121111122
In base 12, what is -17 + -7761a?
-77635
In base 6, what is 103 - -55421010?
55421113
In base 9, what is -76524 - -4201?
-72323
In base 12, what is 2 - 3071317?
-3071315
In base 4, what is 1 + -31102222120212?
-31102222120211
In base 13, what is 22c + -94c9?
-929a
In base 15, what is -57bb7a + -37?
-57bbb2
In base 10, what is -203 - -63656?
63453
In base 7, what is 13242 + 35164?
51436
In base 4, what is -330001330 + 130?
-330001200
In base 3, what is -12 - 20201021101221?
-20201021102010
In base 16, what is 5d01e9 + 1?
5d01ea
In base 8, what is -27630371 - 25?
-27630416
In base 2, what is 110011 - 1110001000100101100011?
-1110001000100100110000
In base 6, what is -5 + -32043512053?
-32043512102
In base 4, what is -331220221 - 220?
-331221101
In base 10, what is -342539 + 105?
-342434
In base 2, what is 1011000100010100000110 - -1001?
1011000100010100001111
In base 7, what is 52300356 - -24?
52300413
In base 6, what is 234134131 - 5?
234134122
In base 15, what is 1ae0ec2 + -6?
1ae0ebb
In base 8, what is 247020751 - 11?
247020740
In base 11, what is 609 - -385?
993
In base 14, what is -28 + -68d643?
-68d66b
In base 9, what is 20256087 - -1?
20256088
In base 9, what is 1378 + -157253?
-155764
In base 7, what is -146600462 + 10?
-146600452
In base 13, what is 1196b75 + -4?
1196b71
In base 15, what is 0 + 23810d75?
23810d75
In base 16, what is -96aa2ee - -3?
-96aa2eb
In base 15, what is -222 + 750?
52d
In base 2, what is 10001000100010110 + -1000010001101?
10000000010001001
In base 9, what is 1288 - 575434?
-574135
In base 12, what is 165686 + -351?
165335
In base 4, what is -102121220 - 1111033?
-103232313
In base 7, what is 352503 - -20516?
403322
In base 2, what is 100 + 11000001011001000001?
11000001011001000101
In base 16, what is -15e - aae6a?
-aafc8
In base 11, what is -33a30 + 420?
-33610
In base 13, what is -4a04792 - 42?
-4a04804
In base 9, what is 3 + -4005553?
-4005550
In base 13, what is -2836 + -9c4c?
-c785
In base 4, what is 123102 - 222201?
-33033
In base 3, what is 220 - -10012101122?
10012102112
In base 12, what is 421937 - 160?
421797
In base 3, what is -1211010110 - -20111?
-1210212222
In base 14, what is -1 - 9cab89?
-9cab8a
In base 15, what is -67ca1d + 58?
-67c9b5
In base 12, what is -3 + 14048b60?
14048b59
In base 4, what is 21 + 310323313133?
310323313220
In base 14, what is -8cab25 + -2?
-8cab27
In base 11, what is -48044 + -1534?
-49578
In base 4, what is 21122213033101 + -10?
21122213033031
In base 3, what is 11012222120002 - 10?
11012222112222
In base 4, what is 202 + 12212321?
12213123
In base 10, what is -430473 + 43?
-430430
In base 4, what is -1310302 - 100131211?
-102102113
In base 13, what is 33 - 110503b?
-1105008
In base 4, what is -2 - -2000323313202?
2000323313200
In base 6, what is 105210024 - 233?
105205351
In base 4, what is 13 + -322313302020?
-322313302001
In base 5, what is -431101 - 4041?
-440142
In base 7, what is 106203550 - -3?
106203553
In base 3, what is 1 - 1002102020222220?
-1002102020222212
In base 7, what is 1022 + -55264?
-54242
In base 4, what is 2213130300 + 13?
2213130313
In base 8, what is 75470677 + -4?
75470673
In base 3, what is 220012 + -21201111?
-20211022
In base 12, what is -33a1 - 3797?
-6b78
In base 3, what is 2 + 11110022201022201?
11110022201022210
In base 16, what is d2f81 + 5?
d2f86
In base 14, what is -27 + dad6a?
dad43
In base 14, what is -5bc6 + 7c?
-5b48
In base 4, what is -1301312113210 + 0?
-1301312113210
In base 11, what is -42 - 1610971?
-1610a03
In base 13, what is 111027c4 + 4?
111027c8
In base 16, what is 167e71 + 72?
167ee3
In base 2, what is -100010100 - -1101011011101011001?
1101011011001000101
In base 8, what is -152125 - -1020?
-151105
In base 2, what is 11 - -1000100101011111011001?
1000100101011111011100
In base 2, what is 10 + -1100001101110000011101?
-1100001101110000011011
In base 11, what is -113 - 128?
-240
In base 10, what is -18 - -1511505?
1511487
In base 4, what is 1003013133 + -132?
1003013001
In base 10, what is -30 + 4125489?
4125459
In base 14, what is b + -b724c?
-b7241
In base 4, what is -2 + -1202113301300?
-1202113301302
In base 10, what is 1527498 - 130?
1527368
In base 13, what is c2bcc0 + -2?
c2bcbb
In base 8, what is 3 + -53341115?
-53341112
In base 13, what is 49a052a4 + -4?
49a052a0
In base 14, what is 370 + -4404?
-4074
In base 8, what is -5157216 - -7?
-5157207
In base 2, what is -100010111110011111 - 1010100011?
-100011001001000010
In base 2, what is 1011000 - 1011000000100101001100?
-1011000000100011110100
In base 7, what is 15242 + -131335?
-113063
In base 6, what is 15003523431 + 5?
15003523440
In base 16, what is -7c + 22b89?
22b0d
In base 10, what is 6 - 463714?
-463708
In base 6, what is -2241 - -3552240?
3545555
In base 11, what is -154 + -441630?
-441784
In base 7, what is 1340 + 146356?
151026
In base 7, what is 12340405 - 4?
12340401
In base 13, what is 3b1 - -113a2?
11783
In base 7, what is -206406 + -354?
-210063
In base 3, what is -2 - 1210100222001221?
-1210100222002000
In base 5, what is -1223 - 4313123?
-4314401
In base 2, what is 111110100 + 1101011010111?
1110011001011
In base 11, what is 4970 + -9845?
-4985
In base 11, what is -54818297 + -1?
-54818298
In base 3, what is -211121 + 20100212?
12112021
In base 10, what is 3226990 - 12?
3226978
In base 3, what is 211 + 1112210011021222?
1112210011022210
In base 3, what is 12 - -1212200020210222?
1212200020211011
In base 9, what is -642 + -432778?
-433531
In base 9, what is 1042 + 3106?
4148
In base 16, what is -d4ea + -9f?
-d589
In base 7, what is -306050525 + -2?
-306050530
In base 2, what is 1010010011111110000011 